{"id":5690,"date":"2025-10-17T07:51:50","date_gmt":"2025-10-17T07:51:50","guid":{"rendered":"https:\/\/www.magoria.ch\/dam\/?page_id=5690"},"modified":"2026-03-13T08:40:30","modified_gmt":"2026-03-13T08:40:30","slug":"jane-austen","status":"publish","type":"page","link":"https:\/\/www.magoria.ch\/dam\/jane-austen\/","title":{"rendered":"Jane Austen f\u00fcr Kopf und Herz"},"content":{"rendered":"\n<p><\/p>\n\n\n\n<div class=\"wp-block-media-text is-stacked-on-mobile is-vertically-aligned-top\" style=\"grid-template-columns:26% auto\"><figure class=\"wp-block-media-text__media\"><img decoding=\"async\" src=\"http:\/\/www.magoria.ch\/pictures\/Jane-Austen-und-das-Chaos-in-meinem-Leben_poster_web.png\" alt=\"\"\/><\/figure><div class=\"wp-block-media-text__content\">\n<p class=\"has-small-font-size\">Manchmal sorgt Jane Austen f\u00fcr ein bisschen Chaos. Wie schon Amanda Price aus der Miniserie <em><a href=\"https:\/\/www.magoria.ch\/dam\/austen-fuer-alle\/\">Lost in Austen<\/a><\/em> (2008) hat auch die Pariser Buchh\u00e4ndlerin Agathe Robinson im Spielfilm <em><a href=\"http:\/\/youtu.be\/sT6ZEJjs7To\" target=\"_blank\" rel=\"noreferrer noopener\">Jane Austen a g\u00e2ch\u00e9 ma vie<\/a><\/em> (2024) bislang wenig romantisches Gl\u00fcck in der Liebe. Amanda wird durch ein Hintert\u00fcrchen aus dem 21. Jahrhundert in Austens Roman <em>Stolz und Vorurteil<\/em> katapultiert und muss dort daf\u00fcr sorgen, dass Mr. Darcy ihr nicht zu nahe kommt. Schliesslich darf sich der Plot der Geschichte nicht \u00e4ndern. Bei Agathe wiederum sorgt ein Aufenthaltsstipendium f\u00fcr eine radikale Ver\u00e4nderung. Aufgrund eines Romananfangs, den ihr Kollege hinter ihrem R\u00fccken eingereicht hat, wird sie nach England in die Jane Austen Residency eingeladen. Der Traum vom Leben als Schriftstellerin k\u00f6nnte damit etwas n\u00e4her r\u00fccken, l\u00f6st bei ihr aber mehr Panik als Begeisterung aus. Die Buchh\u00e4ndlerin hat zwar f\u00fcr jede Lebenslage einen Jane-Austen-Lesetipp parat, aber was das eigene Schreiben angeht, siegt Stagnation \u00fcber Inspiration. Wie Emma Woodhouse oder Elizabeth Bennet aus den Romanen ihrer Lieblingsautorin muss auch Agathe sich zuerst von Vorurteilen und Illusionen l\u00f6sen, bevor das Gl\u00fcck sich einstellt.&nbsp;<\/p>\n<\/div><\/div>\n\n\n\n<div class=\"wp-block-media-text is-stacked-on-mobile is-vertically-aligned-top\" style=\"grid-template-columns:26% auto\"><figure class=\"wp-block-media-text__media\"><img decoding=\"async\" src=\"http:\/\/www.magoria.ch\/pictures\/barchas_greenberg_Jane-Austen_web.png\" alt=\"\"\/><\/figure><div class=\"wp-block-media-text__content\">\n<p class=\"has-small-font-size\"><em>16.12.2025: Happy Birthday, Jane Austen!<\/em> \u2013 Wenn eine Autorin 250 Jahre nach ihrer Geburt und einem kurzen Leben (sie wurde nur 41) immer noch gelesen, geliebt und gefeiert wird, ist das eine Freude. Wir k\u00f6nnen aber nicht nur Jane Austen lesen, sondern auch \u00fcber Jane Austen. Aktuell legen Janine Barchas und Isabel Greenberg \u00ab<a href=\"https:\/\/presse.penguinrandomhouse.de\/jane-austen\/978-3-328-60356-6\" target=\"_blank\" rel=\"noreferrer noopener\">ihr Leben als Graphic Novel<\/a>\u00bb vor (Penguin 2025, in der \u00dcbersetzung von Eva Bonn\u00e9). Mit der Biografie <em><a href=\"https:\/\/www.reclam.de\/produktdetail\/darling-jane-jane-austen-eine-biographie-9783150207581\" target=\"_blank\" rel=\"noreferrer noopener\">Darling Jane<\/a><\/em> (Reclam, 5. Aufl. 2025) gibt uns der Jane-Austen-Kenner und -\u00dcbersetzer Christian Grawe Einblick ins Leben der Autorin \u00abzwischen Tee und Tinte\u00bb. Maxine Wildner wiederum versucht mit <em><a href=\"https:\/\/www.suhrkamp.de\/buch\/maxine-wildner-jane-austen-stolz-und-leidenschaft-t-9783458644781\" target=\"_blank\" rel=\"noreferrer noopener\">Jane Austen \u2013 Stolz und Leidenschaft<\/a><\/em> (Insel 2025) eine fiktionale Ann\u00e4herung.<\/p>\n<\/div><\/div>\n\n\n\n<figure class=\"wp-block-embed is-type-wp-embed is-provider-magoria wp-block-embed-magoria\"><div class=\"wp-block-embed__wrapper\">\n<blockquote class=\"wp-embedded-content\" data-secret=\"U1OjbXUBA5\"><a href=\"https:\/\/www.magoria.ch\/dam\/jane-austens-schreibmaschine\/\">Jane Austens Schreibmaschine<\/a><\/blockquote><iframe loading=\"lazy\" class=\"wp-embedded-content\" sandbox=\"allow-scripts\" security=\"restricted\" style=\"position: absolute; visibility: hidden;\" title=\"&#8222;Jane Austens Schreibmaschine&#8220; &#8211; Magoria\" src=\"https:\/\/www.magoria.ch\/dam\/jane-austens-schreibmaschine\/embed\/#?secret=58WGoZio6O#?secret=U1OjbXUBA5\" data-secret=\"U1OjbXUBA5\" width=\"525\" height=\"296\" frameborder=\"0\" marginwidth=\"0\" marginheight=\"0\" scrolling=\"no\"><\/iframe>\n<\/div><\/figure>\n\n\n\n<figure class=\"wp-block-embed is-type-wp-embed is-provider-magoria wp-block-embed-magoria\"><div class=\"wp-block-embed__wrapper\">\n<blockquote class=\"wp-embedded-content\" data-secret=\"gzkCWVxPbA\"><a href=\"https:\/\/www.magoria.ch\/dam\/jane-austens-briefe\/\">Jane Austens Briefe<\/a><\/blockquote><iframe loading=\"lazy\" class=\"wp-embedded-content\" sandbox=\"allow-scripts\" security=\"restricted\" style=\"position: absolute; visibility: hidden;\" title=\"&#8222;Jane Austens Briefe&#8220; &#8211; Magoria\" src=\"https:\/\/www.magoria.ch\/dam\/jane-austens-briefe\/embed\/#?secret=SQw96bnM6n#?secret=gzkCWVxPbA\" data-secret=\"gzkCWVxPbA\" width=\"525\" height=\"296\" frameborder=\"0\" marginwidth=\"0\" marginheight=\"0\" scrolling=\"no\"><\/iframe>\n<\/div><\/figure>\n\n\n\n<figure class=\"wp-block-embed is-type-wp-embed is-provider-magoria wp-block-embed-magoria\"><div class=\"wp-block-embed__wrapper\">\n<blockquote class=\"wp-embedded-content\" data-secret=\"dGH7IGZ0yy\"><a href=\"https:\/\/www.magoria.ch\/dam\/jane-austens-lost-letters\/\">Jane Austen\u2019s Lost Letters<\/a><\/blockquote><iframe loading=\"lazy\" class=\"wp-embedded-content\" sandbox=\"allow-scripts\" security=\"restricted\" style=\"position: absolute; visibility: hidden;\" title=\"&#8222;Jane Austen\u2019s Lost Letters&#8220; &#8211; Magoria\" src=\"https:\/\/www.magoria.ch\/dam\/jane-austens-lost-letters\/embed\/#?secret=cGsX6ToRJ9#?secret=dGH7IGZ0yy\" data-secret=\"dGH7IGZ0yy\" width=\"525\" height=\"296\" frameborder=\"0\" marginwidth=\"0\" marginheight=\"0\" scrolling=\"no\"><\/iframe>\n<\/div><\/figure>\n\n\n\n<figure class=\"wp-block-image size-large is-resized\"><img decoding=\"async\" src=\"http:\/\/wl22www1069.webland.ch\/pictures\/Jane-Austen-x-3_web.png\" alt=\"\" style=\"width:583px;height:auto\"\/><figcaption class=\"wp-element-caption\">Als Jane Austen: Anne Hathaway, Olivia Williams, Patsy Ferran<\/figcaption><\/figure>\n\n\n\n<figure class=\"wp-block-embed is-type-wp-embed is-provider-magoria wp-block-embed-magoria\"><div class=\"wp-block-embed__wrapper\">\n<blockquote class=\"wp-embedded-content\" data-secret=\"jiD0sO6BKA\"><a href=\"https:\/\/www.magoria.ch\/dam\/jane-austen-und-die-dashwoods\/\">Jane Austen und die Dashwoods<\/a><\/blockquote><iframe loading=\"lazy\" class=\"wp-embedded-content\" sandbox=\"allow-scripts\" security=\"restricted\" style=\"position: absolute; visibility: hidden;\" title=\"&#8222;Jane Austen und die Dashwoods&#8220; &#8211; Magoria\" src=\"https:\/\/www.magoria.ch\/dam\/jane-austen-und-die-dashwoods\/embed\/#?secret=nOiK9r9NHG#?secret=jiD0sO6BKA\" data-secret=\"jiD0sO6BKA\" width=\"525\" height=\"296\" frameborder=\"0\" marginwidth=\"0\" marginheight=\"0\" scrolling=\"no\"><\/iframe>\n<\/div><\/figure>\n\n\n\n<figure class=\"wp-block-embed is-type-wp-embed is-provider-magoria wp-block-embed-magoria\"><div class=\"wp-block-embed__wrapper\">\n<blockquote class=\"wp-embedded-content\" data-secret=\"N5fIWPsUXL\"><a href=\"https:\/\/www.magoria.ch\/dam\/jane-austen-und-ihre-schreibenden-fans\/\">Jane Austen und ihre schreibenden Fans<\/a><\/blockquote><iframe loading=\"lazy\" class=\"wp-embedded-content\" sandbox=\"allow-scripts\" security=\"restricted\" style=\"position: absolute; visibility: hidden;\" title=\"&#8222;Jane Austen und ihre schreibenden Fans&#8220; &#8211; Magoria\" src=\"https:\/\/www.magoria.ch\/dam\/jane-austen-und-ihre-schreibenden-fans\/embed\/#?secret=6tzsIHSCLV#?secret=N5fIWPsUXL\" data-secret=\"N5fIWPsUXL\" width=\"525\" height=\"296\" frameborder=\"0\" marginwidth=\"0\" marginheight=\"0\" scrolling=\"no\"><\/iframe>\n<\/div><\/figure>\n\n\n\n<div class=\"wp-block-media-text is-stacked-on-mobile is-vertically-aligned-top\" style=\"grid-template-columns:52% auto\"><figure class=\"wp-block-media-text__media\"><img decoding=\"async\" src=\"http:\/\/www.magoria.ch\/pictures\/Austen-Zombies.png\" alt=\"\"\/><\/figure><div class=\"wp-block-media-text__content\">\n<p class=\"has-small-font-size\">Bleiben wir noch einen Augenblick bei den Bennet-Schwestern aus Jane Austens&nbsp;<em>Stolz und Vorurteil<\/em>. Ich kn\u00fcpfe mit einem weiteren Zwillingsanfang an. Bei der Vorbereitung f\u00fcr meinen Schreibkurs zum Thema Imitation habe ich mich nicht nur mit Fortsetzungen, Variationen und Adaptionen, sondern auch mit Mashups besch\u00e4ftigt. Bei dieser popul\u00e4rkulturellen Spielart werden Werke des literarischen Kanons hemmungslos mit genreuntypischen Elementen, Versatzst\u00fccken und intertextuellen Anspielungen verquirlt.<\/p>\n\n\n\n<p class=\"has-small-font-size\">Seth Grahame-Smiths&nbsp;<em>Stolz und Vorurteil und Zombies<\/em>&nbsp;gilt als prototypisches Beispiel und wurde mit Lily James (als Elizabeth Bennet) und Sam Riley (als Mr. Darcy) bildgewaltig f\u00fcr die Leinwand adaptiert. Die in asiatischen Kampfsportarten und im Umgang mit Waffen geschulten Bennet-Schwestern wissen sich gegen untote Angreifer:innen bestens zur Wehr zu setzen. Derweil sorgt sich die Mutter, ob solches Gebaren nicht auch die Freier in die Flucht schl\u00e4gt.<\/p>\n<\/div><\/div>\n\n\n\n<figure class=\"wp-block-embed is-type-wp-embed is-provider-magoria wp-block-embed-magoria\"><div class=\"wp-block-embed__wrapper\">\n<blockquote class=\"wp-embedded-content\" data-secret=\"MXSNW78Zw0\"><a href=\"https:\/\/www.magoria.ch\/dam\/austen-fuer-alle\/\">Austen f\u00fcr alle<\/a><\/blockquote><iframe loading=\"lazy\" class=\"wp-embedded-content\" sandbox=\"allow-scripts\" security=\"restricted\" style=\"position: absolute; visibility: hidden;\" title=\"&#8222;Austen f\u00fcr alle&#8220; &#8211; Magoria\" src=\"https:\/\/www.magoria.ch\/dam\/austen-fuer-alle\/embed\/#?secret=IWQLKnPjZF#?secret=MXSNW78Zw0\" data-secret=\"MXSNW78Zw0\" width=\"525\" height=\"296\" frameborder=\"0\" marginwidth=\"0\" marginheight=\"0\" scrolling=\"no\"><\/iframe>\n<\/div><\/figure>\n\n\n\n<figure class=\"wp-block-embed is-type-wp-embed is-provider-magoria wp-block-embed-magoria\"><div class=\"wp-block-embed__wrapper\">\n<blockquote class=\"wp-embedded-content\" data-secret=\"VuqjDcIS9t\"><a href=\"https:\/\/www.magoria.ch\/dam\/biopics\/\">Biopics: Leben wie im Film<\/a><\/blockquote><iframe loading=\"lazy\" class=\"wp-embedded-content\" sandbox=\"allow-scripts\" security=\"restricted\" style=\"position: absolute; visibility: hidden;\" title=\"&#8222;Biopics: Leben wie im Film&#8220; &#8211; Magoria\" src=\"https:\/\/www.magoria.ch\/dam\/biopics\/embed\/#?secret=RsThaaYO1A#?secret=VuqjDcIS9t\" data-secret=\"VuqjDcIS9t\" width=\"525\" height=\"296\" frameborder=\"0\" marginwidth=\"0\" marginheight=\"0\" scrolling=\"no\"><\/iframe>\n<\/div><\/figure>\n\n\n\n<figure class=\"wp-block-embed is-type-wp-embed is-provider-magoria wp-block-embed-magoria\"><div class=\"wp-block-embed__wrapper\">\n<blockquote class=\"wp-embedded-content\" data-secret=\"XIT1bdkaUn\"><a href=\"https:\/\/www.magoria.ch\/dam\/uebersetzen-mit-verstand-und-gefuehl\/\">\u00dcbersetzen mit Verstand und Gef\u00fchl<\/a><\/blockquote><iframe loading=\"lazy\" class=\"wp-embedded-content\" sandbox=\"allow-scripts\" security=\"restricted\" style=\"position: absolute; visibility: hidden;\" title=\"&#8222;\u00dcbersetzen mit Verstand und Gef\u00fchl&#8220; &#8211; Magoria\" src=\"https:\/\/www.magoria.ch\/dam\/uebersetzen-mit-verstand-und-gefuehl\/embed\/#?secret=tnAkidOeIh#?secret=XIT1bdkaUn\" data-secret=\"XIT1bdkaUn\" width=\"525\" height=\"296\" frameborder=\"0\" marginwidth=\"0\" marginheight=\"0\" scrolling=\"no\"><\/iframe>\n<\/div><\/figure>\n\n\n\n<figure class=\"wp-block-embed is-type-wp-embed is-provider-magoria wp-block-embed-magoria\"><div class=\"wp-block-embed__wrapper\">\n<blockquote class=\"wp-embedded-content\" data-secret=\"PQHwRQUiTk\"><a href=\"https:\/\/www.magoria.ch\/dam\/tinte-tasten-typenhebel\/\">Schreiben im Film<\/a><\/blockquote><iframe loading=\"lazy\" class=\"wp-embedded-content\" sandbox=\"allow-scripts\" security=\"restricted\" style=\"position: absolute; visibility: hidden;\" title=\"&#8222;Schreiben im Film&#8220; &#8211; Magoria\" src=\"https:\/\/www.magoria.ch\/dam\/tinte-tasten-typenhebel\/embed\/#?secret=ZwbeuEB4X1#?secret=PQHwRQUiTk\" data-secret=\"PQHwRQUiTk\" width=\"525\" height=\"296\" frameborder=\"0\" marginwidth=\"0\" marginheight=\"0\" scrolling=\"no\"><\/iframe>\n<\/div><\/figure>\n","protected":false},"excerpt":{"rendered":"<p>Manchmal sorgt Jane Austen f\u00fcr ein bisschen Chaos. Wie schon Amanda Price aus der Miniserie Lost in Austen (2008) hat auch die Pariser Buchh\u00e4ndlerin Agathe Robinson im Spielfilm Jane Austen a g\u00e2ch\u00e9 ma vie (2024) bislang wenig romantisches Gl\u00fcck in der Liebe. Amanda wird durch ein Hintert\u00fcrchen aus dem 21. Jahrhundert in Austens Roman Stolz &hellip; <\/p>\n<p class=\"link-more\"><a href=\"https:\/\/www.magoria.ch\/dam\/jane-austen\/\" class=\"more-link\"><span class=\"screen-reader-text\">\u201eJane Austen f\u00fcr Kopf und Herz\u201c <\/span>weiterlesen<\/a><\/p>\n","protected":false},"author":2,"featured_media":0,"parent":0,"menu_order":0,"comment_status":"closed","ping_status":"closed","template":"","meta":{"footnotes":""},"class_list":["post-5690","page","type-page","status-publish","hentry"],"_links":{"self":[{"href":"https:\/\/www.magoria.ch\/dam\/wp-json\/wp\/v2\/pages\/5690","targetHints":{"allow":["GET"]}}],"collection":[{"href":"https:\/\/www.magoria.ch\/dam\/wp-json\/wp\/v2\/pages"}],"about":[{"href":"https:\/\/www.magoria.ch\/dam\/wp-json\/wp\/v2\/types\/page"}],"author":[{"embeddable":true,"href":"https:\/\/www.magoria.ch\/dam\/wp-json\/wp\/v2\/users\/2"}],"replies":[{"embeddable":true,"href":"https:\/\/www.magoria.ch\/dam\/wp-json\/wp\/v2\/comments?post=5690"}],"version-history":[{"count":23,"href":"https:\/\/www.magoria.ch\/dam\/wp-json\/wp\/v2\/pages\/5690\/revisions"}],"predecessor-version":[{"id":6551,"href":"https:\/\/www.magoria.ch\/dam\/wp-json\/wp\/v2\/pages\/5690\/revisions\/6551"}],"wp:attachment":[{"href":"https:\/\/www.magoria.ch\/dam\/wp-json\/wp\/v2\/media?parent=5690"}],"curies":[{"name":"wp","href":"https:\/\/api.w.org\/{rel}","templated":true}]}}